 Let s = b + 50. List the prime factors of s.
29
Suppose 0 = -4*f - 4*q - 0 + 20, q + 25 = 4*f. List the prime factors of ((-86)/(-4))/(f/12).
43
Let g(n) = -n**3 - 8*n**2 - n + 4. Let c be g(-8). Suppose 0 = -f + c - 16. List the prime factors of 104/32 - (-1)/f.
3
Suppose a = -5*s + 637, 5*s - 125 = 4*s - a. Suppose -992 = -5*d + s. What are the prime factors of d?
2, 7
Suppose 20 = a - 0*a. Let p = 58 + -60. What are the prime factors of p/5 - (-68)/a?
3
What are the prime factors of (29 + 1)/(48/(-6272)*-4)?
2, 5, 7
Let z(h) be the second derivative of 3*h**5/20 + 4*h**3/3 - 5*h**2 + 6*h. List the prime factors of z(4).
2, 107
Let j = -195 + 352. List the prime factors of j.
157
Suppose -4*s + 1753 = 7*u - 2*u, 8 = 4*s. What are the prime factors of u?
349
Suppose 11*r - 12*r = 8. What are the prime factors of (-4)/(r/418) + 0?
11, 19
Let n = 8 + -9. Let u be (n + 1)/(15 + -13). Suppose 2*j - 14 = 4*m, j + 3*m - 32 = -u*j. What are the prime factors of j?
17
Suppose 3*w = -12, -2*w + w = -5*r + 79. What are the prime factors of 3/(r/(-10)) + 70?
2, 17
Let x(p) = -189*p + 7. Let d = -87 - -86. List the prime factors of x(d).
2, 7
Suppose -x + 28 = -4*z, x - 4*z - 76 = -2*x. Let i = x - 19. What are the prime factors of i?
5
Suppose -5*b = -2*d - 28, -7*b + 5*b - 3*d - 4 = 0. Suppose 140 = 4*p - b*c, 2*c + 2*c + 20 = 0. List the prime factors of p.
2, 3, 5
Let o(x) be the first derivative of x**4/4 + x**3/3 + x**2 - 4*x + 4. Let g be o(4). Suppose 0 = 7*q - q - g. List the prime factors of q.
2, 7
Let l(r) = 9*r + 10. Let f be l(12). Let m = f + -48. List the prime factors of m.
2, 5, 7
Suppose -4*f - f + 5*i = -30, -4*i - 20 = 0. List the prime factors of 2/(-3)*((-411)/3 - f).
2, 23
Let k = -121 + 82. Let x = -14 - k. Suppose -3*r - 7 = -x. What are the prime factors of r?
2, 3
Let b = 2009 + -1200. List the prime factors of b.
809
Suppose 2*a = -2*i - 6, 2*i + 2*i = -12. Suppose -w = -a*w + 3*j - 11, 22 = 2*w - 2*j. Suppose w + 93 = 4*r. What are the prime factors of r?
2, 13
Let q(h) = -39*h**3 - 4*h**2. What are the prime factors of q(-3)?
3, 113
Let k = -6 + 19. Let f be (-6)/(-24) - 39/(-4). Let d = k - f. List the prime factors of d.
3
Let p(c) = -c**2 + 7*c - 10. Let d be p(5). Suppose -3*g + 53 + 112 = d. Let v = g - 36. List the prime factors of v.
19
Let c = 81 - 21. Let o = c + -30. List the prime factors of o.
2, 3, 5
Suppose 5*g - 5*u - 8085 = 2*g, -2*u = -3*g + 8094. What are the prime factors of g?
2, 3, 5
Let n(q) = -78*q**2. Let i be n(1). Let o = 156 + i. List the prime factors of o.
2, 3, 13
Let z(n) = -n**2 + 8*n - 5. Let d be z(7). Suppose 3*w + p = -0*w + 26, 0 = -w + d*p - 3. Suppose -w = 4*x - 123. What are the prime factors of x?
29
Let f(p) = p**3 + p**2 - p + 3. Let b be f(0). Suppose 5*u + q - 617 = 0, 3*u - q = b*q + 361. List the prime factors of u.
3, 41
Let j(h) = 49*h + 598. List the prime factors of j(13).
5, 13, 19
Suppose -o = x - 2*x - 39, x + 4*o = -44. Let a = x + 5. Let g = a + 70. What are the prime factors of g?
5, 7
Let j(t) = 524*t - 9. List the prime factors of j(4).
2087
Let n(p) = 2 + 2*p + 27*p**3 + 6*p**2 - 10*p**2 + 5*p**2 - 130*p**3. What are the prime factors of n(-1)?
2, 13
Suppose 11*m - 7475 = 6*m. List the prime factors of m.
5, 13, 23
Suppose 20 = 7*t - 4264. What are the prime factors of t?
2, 3, 17
Let v = -16 - -20. Suppose v*s + 236 = 8*s. List the prime factors of s.
59
Let y(u) = 35*u**2 + 141*u + 1039. List the prime factors of y(-7).
3, 19, 31
Let a(n) = n**2 + 2*n + 1. Let g be a(-3). Let s be (-1 - 0)/(g/32). Let z = 14 - s. List the prime factors of z.
2, 11
What are the prime factors of ((-32)/(-24))/((-6)/(-99))?
2, 11
List the prime factors of -5*(22905/9)/(-5).
5, 509
Suppose 11*c - 6*c - 340 = 0. Suppose c*k - 71*k = -621. What are the prime factors of k?
3, 23
What are the prime factors of ((-8)/((-32)/134))/((-1)/(-92))?
2, 23, 67
Let f(p) be the second derivative of 1/6*p**4 + 3*p**2 + 3/2*p**3 + p + 0. List the prime factors of f(-6).
2, 3
Suppose -6*q = -3*q - 726. Suppose -4*i + 86 = -q. What are the prime factors of i?
2, 41
Suppose j = 5*j - 12. Let s(w) = w - 2. Let v be s(4). Suppose j*k - 5*f - 142 = k, -5*k - v*f + 355 = 0. List the prime factors of k.
71
Let i(m) = -3*m. Let r be i(-1). Let p(w) = 16*w**2 + w**r + 9 + 8 + w**3 - 16*w - 3*w**3. List the prime factors of p(15).
2
Let c = 219 - 387. List the prime factors of 2/(8/(-1002))*112/c.
167
Suppose 3*k = 2*o + 9678, -2*k - 3*o + 3546 = -2919. What are the prime factors of k?
2, 3, 269
Suppose 5*v = 929 + 3746. What are the prime factors of v?
5, 11, 17
Let y = 5381 + -3181. List the prime factors of y.
2, 5, 11
Let l(s) = -s**2 - 21*s - 12. List the prime factors of l(-7).
2, 43
Let x(s) = 33*s**2 - 6*s - 15. List the prime factors of x(-4).
3, 179
Suppose -43*k + 33*k = -4280. What are the prime factors of k?
2, 107
Let a(l) = 3*l - 8. Let m be 20 + (1 - 2/1). What are the prime factors of a(m)?
7
Suppose -9 + 99 = -3*a. Let c = -67 - a. Let p = -8 - c. List the prime factors of p.
29
Let x = 52 - 49. What are the prime factors of (-690)/(-9) + (-2)/x?
2, 19
List the prime factors of 1/((6 - 4)/(-4 + 154)).
3, 5
Suppose 6*k + k = 35. Suppose 2*q + 103 = b - 3*q, -5*b - k*q + 485 = 0. What are the prime factors of b?
2, 7
Let t = 2340 - 2169. List the prime factors of t.
3, 19
Let j be 8/24 + (-1)/(3/(-1451)). Suppose 4*l = -5*p + 603, 2*p - 6*p - 4*l = -j. List the prime factors of p.
7, 17
Suppose 3*l - 5*o = 545, 2*l - 4*l = 3*o - 395. What are the prime factors of l?
2, 5, 19
Suppose 63*c - 62*c - 686 = 0. List the prime factors of c.
2, 7
Let t(c) = -16*c**2 + c + 4. Let w(m) = 81*m**2 - 5*m - 21. Let h(k) = -11*t(k) - 2*w(k). Let g be h(2). Let x = 4 + g. What are the prime factors of x?
2, 7
Suppose 0 = 4*h - 2*t - 3*t + 26, 4*h + 18 = t. Let y be 1/h - (-2070)/(-40). Let f = y - -74. What are the prime factors of f?
2, 11
Let l be -2*(3/(-2) + 2)*33. Suppose 3*y - 19 = j, 3*j + 7*y - 2*y = -29. Let r = j - l. List the prime factors of r.
2, 5
Let t be (-4)/2 + 2 - -2. Suppose 3*a = 2*a + t. Suppose a*f + 21 = 3*f. What are the prime factors of f?
3, 7
List the prime factors of (-186 + 158)/(2/(-28)).
2, 7
Suppose -3*h + h = m - 35, -5*h + 2*m + 65 = 0. Suppose -h*b - b = -4240. What are the prime factors of b?
5, 53
Let u(h) = -33*h + 23. List the prime factors of u(-4).
5, 31
Let a be (-2)/1 - -417 - 6/(-2). Suppose -5*o = -4*s - a, 5*o - 13 - 403 = 3*s. What are the prime factors of o?
2, 41
Let h(z) = -19*z**3 - z - 1. Suppose 5*o - 3*p + 66 = 0, -3*p - 2 + 20 = -o. Let x be ((-3)/o)/((-2)/8). What are the prime factors of h(x)?
19
Let b = -269 - -679. List the prime factors of b.
2, 5, 41
Suppose -2*o + 1189 = 5*c, -12*c = -o - 9*c + 567. What are the prime factors of o?
2, 3, 97
List the prime factors of (-281)/3*((3 - 6) + 0).
281
Suppose 4*v + 5*g - 250 = 0, 3*g - 2*g + 67 = v. List the prime factors of v.
5, 13
Suppose -3*b - 85 + 16 = -3*z, b = 1. Suppose -4*o - z = -3*v, 0 = 3*v - 0*v - 2*o - 18. Suppose -26 - 38 = -v*k. What are the prime factors of k?
2
Suppose -8*v + 372 + 468 = 0. What are the prime factors of v?
3, 5, 7
What are the prime factors of (1*4385)/(57 + -56)?
5, 877
Let p = -2106 - -3733. List the prime factors of p.
1627
Suppose 49 = -o - 28. Let z = o - -304. Suppose 4*c = z - 7. List the prime factors of c.
5, 11
Suppose 0 = -3*z + 4 - 25. Let q(f) = f**2 + 3*f + 1. List the prime factors of q(z).
29
Let s be (2 + 8)*(-7)/14. List the prime factors of (-201)/(-2)*(s - (-23)/3).
2, 67
Suppose 40*x - 37*x = 9. List the prime factors of (0 - x) + (-180)/(-5).
3, 11
Let c(g) = 29*g + 434. What are the prime factors of c(35)?
3, 7, 23
Let k = -5647 - -8670. What are the prime factors of k?
3023
Let s be ((-1)/2)/(3/(-18)). List the prime factors of -4 - (s/(-1) - 6).
5
Let c(n) = -2*n**2 + n - 3. Let l(s) = 3*s**2 - 2*s + 4. Let g(j) = 6*c(j) + 5*l(j). Let t(p) = -p - 3. Let k be t(-7). List the prime factors of g(k).
2, 17
Let w(q) = -7*q - 6 + 2*q + q**3 - 6*q + 11*q**2 + 23. Let i be w(-12). Suppose i*h = 14 - 4. List the prime factors of h.
2
Let u(i) = -i**3 + 20*i**2 - 47*i - 10. What are the prime factors of u(12)?
2, 17
Let g = -103 + 58. Let j(f) = 4*f +